e factors of v?
2351
Let o(b) = -b**2 + 36*b + 78. List the prime factors of o(35).
113
Suppose -5*o - 7 = -62. Suppose -17 = -4*x + o. Let r(u) = u**2 - 7*u + 6. List the prime factors of r(x).
2, 3
Let k be -8*(14/(-8) + 1). Let g(j) = 3*j**2 - 2*j + 11. Let u be g(k). Suppose q = -0*v - 4*v + 181, u = 2*v - 5*q. List the prime factors of v.
2, 23
Suppose -16*f + 17*f = 0. Suppose -2*m + 3*o = -246, -3*m + 2*o + 186 + 193 = f. List the prime factors of m.
3, 43
Suppose 2*h - 4 = -0*h. Let d be h/(-3)*(-45)/(-10). What are the prime factors of (7 + d)/(-4)*-14?
2, 7
Suppose -11*q + 8*q + 1749 = 0. List the prime factors of q.
11, 53
Let g be 10/(-5) + -2 + 7. Suppose -52 = g*s - 418. List the prime factors of s.
2, 61
Suppose -5*c - 7 - 8 = 0, -4*i + 5*c = -103. Suppose k = -k - d - 26, -k - i = 5*d. Let q = k - -39. What are the prime factors of q?
3
Suppose 2*v - 6*v = -24. Suppose -v*y + 63 = -3*y. What are the prime factors of y?
3, 7
Let f = 9557 + -4582. What are the prime factors of f?
5, 199
What are the prime factors of 5*(1 - -6) + -1*3?
2
Suppose 20 = -5*g, -2*g - 8 = -z + 1. Let d = 9 + z. Suppose 38 = o + d. What are the prime factors of o?
2, 7
Let f = 1228 + 17. List the prime factors of f.
3, 5, 83
Let x(p) be the third derivative of p**4/24 + 19*p**3/6 + 5*p**2. Let i be x(-18). Let z(v) = 4*v - 1. What are the prime factors of z(i)?
3
Let n be (102/(-8))/((-6)/(-24)). Let z = n + 103. What are the prime factors of 4 + z + -2 + 6?
2, 3, 5
Suppose -6*v + 23 = -31. Suppose -5*r - v = -4. What are the prime factors of (r + 36)*8/5?
2, 7
Let m = 9 + -5. Suppose -15 = -m*s + s. Suppose -31 = -n - 4*p, 4*n + 39 = s*p + 121. What are the prime factors of n?
23
Let r(f) = 5*f + 151. Let u be r(-30). Let t = 4 - 0. Suppose -g = -t + u. List the prime factors of g.
3
Suppose 4*b = -98 + 4686. What are the prime factors of b?
31, 37
Let r be (-8)/8 - (-1 - 2). Suppose 0*a - 3*a = h - 85, 3*a + r*h = 80. What are the prime factors of a?
2, 3, 5
Suppose 0 = 3*x + f - 0*f - 68, 4*f + 102 = 5*x. Suppose -2*v - 4 = -4*d, -4*v = 5*d - 35 - x. What are the prime factors of v?
2
Let a = 1703 - 1120. List the prime factors of a.
11, 53
What are the prime factors of 194364/51 + 42/(-714)?
37, 103
Let b = 232 - -44. Let p = 600 - b. List the prime factors of p.
2, 3
List the prime factors of (-2716)/(-6) - 11/(-132)*4.
3, 151
Let s = 225 + -147. Suppose s = -4*u + 594. What are the prime factors of u?
3, 43
Let w(z) = z**3 + 32*z**2 - 19*z - 121. What are the prime factors of w(-30)?
13, 173
Suppose 0 = -3*o - 428 - 784. What are the prime factors of (24/9 - 3)*(o - -5)?
7, 19
Let i be (0/1)/(-9 + 7). Let x = 2 - i. What are the prime factors of x?
2
Suppose 0 = -2*v - 32*u + 37*u + 6065, -2*u = 10. What are the prime factors of v?
2, 5, 151
List the prime factors of 148925/63 + (-7 - 128/(-18)).
2, 3, 197
Let j(q) = -q**3 + q**2 - 2*q + 37. Let h be (-119)/(-42) - (-2)/12. Suppose -2*f = h*f. What are the prime factors of j(f)?
37
Suppose -5*u - 43 = -3*h, 3*h - 55 = -2*h + 5*u. Suppose h*b + 0*b = -1182. What are the prime factors of 12/(-30) - b/5?
3, 13
Let j(a) = 863*a**2 + a - 1. Let q be j(1). Suppose 3*s + r - q = -r, 0 = -2*s - r + 575. What are the prime factors of s?
7, 41
Let b(v) be the second derivative of -2*v**3/3 - v**2/2 + 6*v. Let q be b(2). What are the prime factors of (244/12)/((-3)/q)?
61
Suppose -2777 = -4*b - 5*p, 0 = -2*b - 4*p + 273 + 1111. List the prime factors of b.
2, 349
Let n(w) = -w**3 + 14*w**2 + 10*w - 35. What are the prime factors of n(9)?
2, 5, 23
Let g(d) = d**3 + 30*d**2 - d - 54. List the prime factors of g(-29).
2, 3, 17
Suppose k + 3*a = -22, -4*k + 3*a - 38 = 5*a. Let j be (-2)/k + 640/14. Suppose 0 = 2*i + 8 - j. List the prime factors of i.
19
What are the prime factors of (-1 + -406 + 20/(-10))*-1?
409
List the prime factors of (0 + 1 + 0)*(1889 - -17).
2, 953
Suppose -w = -5*w + 20. Suppose q = -w*u + 35, 0 = q - u + 3*u - 29. What are the prime factors of q?
5
Let u(o) = 17*o**3 - 3*o**2 + 6*o - 4. List the prime factors of u(3).
2, 223
Let f(g) = -13*g**2 + 255*g - 5. List the prime factors of f(18).
373
Let n(q) = 2*q**2 + 10*q + 3. What are the prime factors of n(11)?
5, 71
Let i(t) = -t - 15. Let m be i(-8). Let n(a) = -3*a - 10. Let v(o) = -4*o - 15. Let d(q) = m*n(q) + 5*v(q). List the prime factors of d(8).
3
Suppose 0 = -24*m + 20*m - 12. List the prime factors of ((-30)/(-35))/m + 16/7.
2
Let l = -852 - -1152. List the prime factors of l.
2, 3, 5
Let t(f) = -109*f - 72. What are the prime factors of t(-2)?
2, 73
Suppose -2*y + 32 = -2*t, 4*y + 0*t = t + 55. Let i be ((-6)/4)/((-3)/6). Let l = i + y. List the prime factors of l.
2
Suppose 340*t + 1060 = 341*t. List the prime factors of t.
2, 5, 53
Suppose -25*t + 4*t + 23730 = 0. What are the prime factors of t?
2, 5, 113
Let w be (-39)/(-4) + (-17)/(-68). List the prime factors of (232/(-5))/(w/(-25)).
2, 29
Suppose 0*w - 3*y - 15 = 2*w, 4*y + 20 = 2*w. Let f be -2 + (-4 - w) + 1. What are the prime factors of 3 + 0 - (f - -1)?
7
Let h(b) = 8*b - 18. Let z be h(-8). Let i = 182 + z. What are the prime factors of i?
2, 5
List the prime factors of 203*(40/6)/(280/60).
2, 5, 29
Suppose 0*b = -2*b - 4*y + 2750, b - 4*y - 1351 = 0. What are the prime factors of b?
1367
Suppose -4 = -4*v, 2*l + 3 = 3*v + 190. Let y = l + -43. What are the prime factors of y?
2, 13
Suppose 2685 = 3*i - 3315. List the prime factors of i.
2, 5
Let f(m) = -m**2 - 7*m + 2. Let j(r) = -7*r + 28. Let k be j(5). List the prime factors of f(k).
2
Let v = 151 + 10. Suppose v + 46 = i - 2*g, i - 5*g - 219 = 0. List the prime factors of i.
199
Suppose -2*u - 4 = -10. Let i be ((-48)/(-9))/(u/9). List the prime factors of (1 - i/12)*-48.
2
Suppose 1 = 5*b - 19. Suppose -5*t + 6 + b = 0. Suppose -t*m = -m - 25. List the prime factors of m.
5
Let g(v) = v**3 - 11*v**2 + 9*v + 12. Let a be g(10). Let r(q) = -3 - a*q**2 - 5*q**2 + 9*q**2 + 2*q + 3*q**3 + 4*q**3. What are the prime factors of r(2)?
5, 13
Suppose 0 = 5*l + 77 - 10677. What are the prime factors of l?
2, 5, 53
Let a(s) = 30*s + 31. Let b be a(17). Let x = -334 + b. List the prime factors of x.
3, 23
Suppose -20 = -t - 5. Let i = t + 11. What are the prime factors of i?
2, 13
Let v be (2 - 0) + (2 - 3). Let n(k) = 3*k**2. Let g be n(v). Suppose -1 = g*h - 31. What are the prime factors of h?
2, 5
Let j(r) = 22*r**2 - 8*r + 12. Let h(y) = -7*y**2 + 3*y - 4. Let i(t) = 7*h(t) + 2*j(t). Let p be i(3). Let x = -17 - p. What are the prime factors of x?
17
Suppose -2*u + 4 = 2*u. Let h(i) = 18*i. Let q be h(u). Let y = q + -8. What are the prime factors of y?
2, 5
Suppose 0*b + 568 = 4*b. Suppose -11*r = -9*r - b. What are the prime factors of r?
71
Suppose 3*r = 6*r - 9. Let m(q) be the second derivative of 2*q**3/3 - q**2/2 - 30*q. List the prime factors of m(r).
11
Let x = -43 - -55. Suppose 11*b - x*b = -32. List the prime factors of b.
2
Suppose -2*w = -6 + 2. Suppose -w*b + 4*v - 308 = -4*b, 4*v = -b + 148. What are the prime factors of b?
2, 5
Let d(t) be the first derivative of t**4/4 + 13*t**3/3 + 9*t**2/2 + 6*t - 11. List the prime factors of d(-12).
2, 3, 7
Suppose 401 = 4*x - 7*q + 6*q, -399 = -4*x - q. What are the prime factors of x?
2, 5
Let x(k) = -k**2 + 2*k - 3. Let f be x(2). What are the prime factors of (7/f)/7*-213?
71
Let f be (-1)/6 - 355/(-6). Let u = 3 + -30. Let g = u + f. What are the prime factors of g?
2
Suppose -32 = -2*o - 2*a, 0 = 2*o - 3*o - 4*a + 28. Suppose -o*i + 15*i = 135. List the prime factors of i.
3, 5
Let c = 107 - 98. Suppose -5*k + 214 = 5*i + c, 5*k + 182 = 4*i. What are the prime factors of i?
43
Let h = 56 + -119. Let m = h + 128. What are the prime factors of m?
5, 13
Suppose 4*m + 2*u = 1299 + 2771, -3*u + 3 = 0. What are the prime factors of m?
3, 113
Suppose 6*x + u = 9*x - 1978, 3*u = -3. List the prime factors of x.
659
Let q = 30 + 8. Suppose 0*z - z = -q. List the prime factors of z.
2, 19
Let f(c) = 26*c + c**2 - 47*c - 4 + 28*c. What are the prime factors of f(-11)?
2, 5
Let o(i) = 3*i - 2. Let r be o(2). Suppose -11*z = -10*z - r. Let t = 20 + z. What are the prime factors of t?
2, 3
Let m(f) = -f**3 - 11*f**2 - 65*f - 19. What are the prime factors of m(-12